ctor of 8549255?
False
Is 78 a factor of 364521534?
True
Is 1847 a factor of 67412770?
False
Is 2641 a factor of 1338285152?
False
Is 131158932 a multiple of 37?
True
Does 10 divide 18379420?
True
Is 20 a factor of 865088858?
False
Is 10425750 a multiple of 15?
True
Is 1012255871 a multiple of 2057?
True
Is 371 a factor of 61730453?
False
Does 14 divide 690340?
True
Does 634 divide 382996230?
True
Is 727 a factor of 128741084?
False
Is 36 a factor of 130449528?
True
Does 16 divide 173070151?
False
Is 138057480 a multiple of 330?
True
Is 7004 a factor of 1196814872?
False
Is 85 a factor of 19746605?
True
Does 15 divide 743280?
True
Is 19018575 a multiple of 9?
True
Does 5 divide 1956009?
False
Is 25 a factor of 634864375?
True
Is 1842905 a multiple of 2?
False
Is 4 a factor of 11696897?
False
Is 3134 a factor of 60461128?
True
Is 1049 a factor of 483215170?
False
Is 36711214 a multiple of 356?
False
Is 39201408 a multiple of 72?
True
Is 9 a factor of 68387984?
False
Is 42034023 a multiple of 171?
True
Does 357 divide 1007339942?
False
Does 44 divide 248201672?
False
Is 522 a factor of 24176430?
True
Is 22 a factor of 2330696?
False
Is 1065983739 a multiple of 191?
False
Does 4634 divide 2168787999?
False
Does 55 divide 4566980?
True
Is 1930 a factor of 62750769?
False
Is 2403229562 a multiple of 6961?
True
Is 2278 a factor of 88668365?
False
Is 42350982 a multiple of 104?
False
Does 179 divide 356488525?
False
Is 280588428 a multiple of 684?
True
Is 586 a factor of 3768566?
True
Is 230663117 a multiple of 58?
False
Does 124 divide 275488995?
False
Is 3 a factor of 9228614?
False
Does 78 divide 175075524?
True
Is 43 a factor of 5141903?
False
Is 5447 a factor of 452528204?
False
Does 78 divide 49803071?
False
Is 231 a factor of 176959398?
True
Does 43 divide 24486823?
True
Does 15 divide 593720?
False
Does 35 divide 844294185?
True
Does 1363 divide 22741655?
True
Is 8722 a factor of 2722598466?
True
Is 72 a factor of 2118184488?
True
Is 27469753 a multiple of 106?
False
Does 15 divide 69791851?
False
Is 2543 a factor of 961070904?
True
Does 24 divide 72076584?
True
Does 8 divide 73394736?
True
Is 1921 a factor of 1141660189?
False
Is 3 a factor of 14910418?
False
Is 930958341 a multiple of 2003?
False
Does 183 divide 1308777204?
True
Is 1130880445 a multiple of 1326?
False
Is 2133 a factor of 37265643?
True
Does 914 divide 96250598?
True
Is 3362 a factor of 91496830?
True
Is 52 a factor of 285861710?
False
Does 15 divide 88115813?
False
Is 1148 a factor of 1688541540?
True
Does 4 divide 461718171?
False
Does 33 divide 5775949?
False
Is 3322473099 a multiple of 4019?
False
Does 1462 divide 99653941?
False
Does 8752 divide 2457447824?
True
Is 24 a factor of 26686962?
False
Is 11 a factor of 49348442?
True
Is 8812032 a multiple of 64?
True
Is 70409978 a multiple of 71?
False
Is 1786195351 a multiple of 3721?
True
Is 101 a factor of 58220046?
False
Does 205 divide 112602680?
False
Is 5 a factor of 13086586?
False
Does 449 divide 2972900440?
False
Does 207 divide 183091086?
True
Is 584371470 a multiple of 30?
True
Is 20841322 a multiple of 19?
False
Is 20014757 a multiple of 127?
False
Is 8 a factor of 3468090917?
False
Is 3 a factor of 31581850?
False
Does 42 divide 251180454?
True
Is 563 a factor of 4618560846?
False
Does 176 divide 17479935?
False
Is 37052728 a multiple of 22?
False
Does 369 divide 1182915846?
True
Does 32 divide 197029664?
True
Is 1003 a factor of 29732932?
True
Does 25 divide 518550475?
True
Is 8 a factor of 2730488?
True
Is 1429731007 a multiple of 1198?
False
Is 36279880 a multiple of 57?
False
Is 4445010 a multiple of 27?
True
Is 65750272 a multiple of 112?
True
Is 133167208 a multiple of 6?
False
Is 66 a factor of 8056488?
True
Does 87 divide 1189559352?
True
Is 8381625 a multiple of 103?
True
Is 654419357 a multiple of 216?
False
Is 398 a factor of 11577422?
True
Is 263 a factor of 128971255?
True
Does 21 divide 214118956?
False
Does 184 divide 20214625?
False
Is 310879178 a multiple of 53?
False
Is 13435847 a multiple of 6?
False
Is 30322662 a multiple of 140?
False
Is 240 a factor of 41677675?
False
Is 80096 a multiple of 13?
False
Does 40 divide 545965904?
False
Is 175 a factor of 6384399?
False
Is 288 a factor of 8691840?
True
Does 5612 divide 326023124?
False
Is 1105335 a multiple of 385?
True
Is 40605568 a multiple of 29?
True
Is 221906964 a multiple of 5?
False
Is 21865163 a multiple of 1544?
False
Does 40 divide 83854355?
False
Is 110359993 a multiple of 532?
False
Is 645145950 a multiple of 23?
False
Is 20 a factor of 85571232?
False
Is 1799 a factor of 347582991?
True
Is 223 a factor of 32168256?
False
Is 879030028 a multiple of 1234?
True
Is 32107488 a multiple of 8?
True
Is 133258571 a multiple of 131?
True
Is 18 a factor of 2626391682?
True
Is 546 a factor of 190472100?
True
Is 1094040 a multiple of 60?
True
Is 52174952 a multiple of 22?
False
Is 29 a factor of 1716684?
True
Does 12 divide 374489059?
False
Is 95706263 a multiple of 7?
False
Is 45 a factor of 5796021?
False
Is 189504879 a multiple of 26?
False
Is 632239350 a multiple of 25?
True
Is 54 a factor of 34768008?
True
Is 3523 a factor of 207196893?
False
Is 157 a factor of 193248?
False
Is 35032088 a multiple of 52?
True
Is 1497854270 a multiple of 110?
True
Does 144 divide 54359280?
True
Does 66 divide 57391000?
False
Does 1663 divide 7099573168?
True
Is 3421638 a multiple of 175?
False
Is 101 a factor of 1890215?
True
Does 558 divide 405757512?
True
Is 2421263936 a multiple of 52?
True
Is 1885390303 a multiple of 3?
False
Does 328 divide 12197664?
True
Is 54646609 a multiple of 34?
False
Is 31652544 a multiple of 11?
True
Is 35551554 a multiple of 601?
True
Is 1101257192 a multiple of 1477?
False
Does 104 divide 231885264?
True
Is 9580464 a multiple of 24?
True
Is 148442007 a multiple of 21?
True
Does 2328 divide 103261410?
False
Does 8031 divide 2139195497?
False
Is 1629 a factor of 396177687?
True
Is 617 a factor of 753053637?
False
Is 741 a factor of 128004002?
False
Is 102 a factor of 212455708?
False
Is 812797350 a multiple of 426?
True
Does 25 divide 35960240?
False
Is 10 a factor of 5926650?
True
Is 5 a factor of 241211155?
True
Is 1097 a factor of 1528068344?
True
Does 7607 divide 1234702122?
False
Is 233635986 a multiple of 47?
False
Is 3917472 a multiple of 12?
True
Is 2795423 a multiple of 29?
False
Does 98 divide 1949700494?
True
Is 503 a factor of 17550676?
True
Is 1525 a factor of 235683174?
False
Is 163198616 a multiple of 1127?
True
Is 463120382 a multiple of 5?
False
Is 1132832547 a multiple of 621?
True
Is 52 a factor of 722196507?
False
Is 85 a factor of 44636546?
False
Is 11 a factor of 9446503?
True
Is 34152023 a multiple of 400?
False
Does 8 divide 622838010?
False
Is 2416710 a multiple of 168?
False
Does 22 divide 111213509?
False
Is 66460050 a multiple of 9?
True
Does 27 divide 351780654?
False
Does 2982 divide 69427255?
False
Does 16 divide 866442119?
False
Is 4039 a factor of 976574715?
False
Is 654745270 a multiple of 11?
False
Is 487368201 a multiple of 2561?
False
Is 1472 a factor of 17595246?
False
Is 16 a factor of 58823312?
True
Does 49 divide 301715556?
False
Does 1111 divide 129823989?
False
Does 2 divide 21396466?
True
Does 12 divide 488426964?
True
Is 44402500 a multiple of 4?
True
Does 3906 divide 318370248?
True
Is 28620758 a multiple of 1028?
False
Is 261380038 a multiple of 26?
False
Does 4 divide 61172975?
False
Is 570 a factor of 26203690?
False
Is 766 a factor of 58191303?
False
Is 32184719 a multiple of 52?
False
Is 97 a factor of 2120712880?
False
Is 556 a factor of 1777587984?
False
Does 12 divide 206243563?
False
Does 27 divide 381037581?
True
Is 3315 a factor of 4602715843?
False
Is 624832780 a multiple of 327?
False
Is 635288180 a multiple of 14?
False
Is 35 a factor of 57259335?
True
Does 58 divide 95776734?
True
Does 899 divide 26952417?
False
Is 31037430 a multiple of 2?
True
Does 328 divide 12115008?
True
Is 3841276580 a multiple of 279?
False
Is 65949303 a multiple of 161?
True
Is 18 a factor of 20279700?
True
Is 320413113 a multiple of 24?
False
Does 2131 divide 141157440?
True
Is 54 a factor of 158031089?
False
Is 124 a factor of 736500178?
False
Is 75 a factor of 1896184798?
False
Is 85124